the prime factors of c.
2, 19
Suppose -4*j = 3*v - 9077 - 5324, -4*v + 10792 = 3*j. List the prime factors of j.
2, 17, 53
Let o = 59 - -1. Suppose -t - o = -21. Let q = t - -56. List the prime factors of q.
17
Let x = -10 + 13. Let f be (x + -1)*(-4)/(-2). Suppose 5*n = -0*b + f*b + 410, -15 = 3*b. What are the prime factors of n?
2, 3, 13
Let q = 14 + 10. List the prime factors of (q/16)/((-3)/(-26)).
13
Let r be 122740/51*(-6)/(-5). What are the prime factors of (-2)/20 - r/(-80)?
2, 3
Let o(l) = 26*l**2 - 23*l + 159. List the prime factors of o(8).
11, 149
Let x = -398 + 1103. What are the prime factors of x?
3, 5, 47
Let p(z) = -z + 8. Let q be p(-17). Suppose -3*b - 2*w + q = 0, 2*w - 9 = -5*b + 26. List the prime factors of (76/(-10))/((-2)/b).
19
Let g(x) be the first derivative of 3*x**4/4 + 3*x**3 - 3*x**2/2 - 6*x + 6. What are the prime factors of g(4)?
2, 3, 53
Suppose -3*i + 3*h = 15, h - 17 = 2*i - 6. Let u = -2 - i. Suppose u*d + 4*s = 60, -3*s = -d - d + 15. What are the prime factors of d?
2, 3
Let m(h) = 4*h**2 + 7*h - 1. Let b be (-12)/(-18) + 22/(-6). Let d(y) = 3*y**2 + 7*y - 2. Let v(f) = b*d(f) + 2*m(f). What are the prime factors of v(-6)?
2, 5
Suppose 4*z = -2*m + 1544, -3*m + 1620 = -5*z - 740. What are the prime factors of m?
2, 3, 5, 13
Let q be -3 - 28/(20/(-5)). Suppose 3*m - 80 = q. Let i = m - -31. What are the prime factors of i?
59
Let s(i) = -2*i**3 - 12*i**2 - 7. Let v be s(-6). Let j(y) = 17*y + 19. Let l(w) = 9*w + 10. Let c(f) = -6*j(f) + 11*l(f). What are the prime factors of c(v)?
17
Let b(c) = c**3 + c**2 - c - 1. Let w be b(-2). Let g be 14/w - (-4)/6. What are the prime factors of 368/20 + g/10?
2, 3
Let x(w) = -w**2 - 28*w + 38. Let h be x(-29). What are the prime factors of -5 + 51/h + 505/3?
13
Let a(n) = 15*n + 9. Let h(q) = q - 1. Let o(d) = a(d) + 3*h(d). Let m be o(13). List the prime factors of (-3)/(-4)*m/36.
5
Let k = 31 - 1. Let w be (-28)/7 + (-18 - -2). Let q = w + k. List the prime factors of q.
2, 5
Let p(w) = 4*w**3 - 51*w - 3*w**3 - 4 + 0*w**3 + 60*w - 9*w**2. Let g be p(8). Let l(d) = -d**3 + 6*d**2 - 2*d + 5. List the prime factors of l(g).
29
Suppose -9*m - 1042 + 3913 = 0. What are the prime factors of m?
11, 29
Let p(s) = 4*s + 17. Let u be p(-5). What are the prime factors of u*(1888/(-120) + (-4)/(-10))?
2, 23
Suppose 28*t - 21888 = 2416. What are the prime factors of t?
2, 7, 31
Suppose 4 = -3*y + 16. Suppose 0 = y*d + 5*t + 5, 5 - 1 = 2*d - 4*t. Suppose -15 = -d*k - k. What are the prime factors of k?
3, 5
Let p(u) = -2*u**2 - 8*u + 8. Let y be p(-8). Let m = 20 - y. What are the prime factors of m?
2, 19
Suppose -3*h = -0*h. Suppose -z - 3*z + 8 = h. Suppose 0 = -5*x - 25, 0*c - z*c + x + 35 = 0. List the prime factors of c.
3, 5
Suppose -1 = -5*o + 14. Suppose -3*n + 71 = -0*q - 5*q, -o*n = -q - 55. Suppose 6 = -i + n. List the prime factors of i.
11
Suppose 202 + 176 = 3*b. What are the prime factors of b?
2, 3, 7
Suppose -3*i + 10 + 2 = 0. Suppose -5*y = z - 567, 1209 = -2*z + i*z - 5*y. Suppose z = 8*c - 0*c. List the prime factors of c.
2, 37
What are the prime factors of (-93834)/(-99) - 2/(-11)?
2, 3, 79
Suppose 5*v = 2*q - 26, 2*q - 4*v + 9*v - 6 = 0. Suppose q*y - 1332 = -y. List the prime factors of y.
2, 37
Suppose -11*v + 511 = -1040. What are the prime factors of v?
3, 47
Suppose 2*q = -10 - 4. Let n(s) = -3*s - 17. Let l be n(q). Suppose -82 = -l*k + 10. What are the prime factors of k?
23
Let x be 39/(-24) + (-6)/16. Let b(v) be the third derivative of 11*v**5/60 - v**4/12 + v**2. What are the prime factors of b(x)?
2, 3
Suppose -1890 = -4*c - 2*y, -4*c + 3*y = 1014 - 2919. What are the prime factors of c?
2, 3, 79
Let g(x) be the second derivative of -x**4/4 - 2*x**3/3 - 23*x**2/2 - 13*x. Let q(t) = t**2 - t. Let s(z) = -g(z) - 2*q(z). List the prime factors of s(-10).
3, 7
Let n(j) = -19*j - 98. What are the prime factors of n(-33)?
23
Let i(u) = 13*u - 11. Suppose -g = -11 + 6. What are the prime factors of i(g)?
2, 3
Suppose 0 = -3*v + 6*v - 12. Suppose 13 = v*g + 1. Suppose 0*b - 5*b + g*a = -50, 0 = 5*b + 2*a - 50. What are the prime factors of b?
2, 5
Let m(n) = 2*n**3 - 7*n**2 + 12*n - 63. What are the prime factors of m(5)?
2, 3
Suppose -424 = -4*m + 5*w, 5*m - w = w + 547. What are the prime factors of m?
3, 37
Suppose -4*q + 367 = v, 4*q = 4*v + 2*q - 1414. List the prime factors of v.
5, 71
Let m(r) = 16*r**2 + 4*r - 3. Let y be m(2). Let j = 114 - y. List the prime factors of j.
3, 5
Suppose 3 = -n + 12. Let a = n + 2. List the prime factors of a.
11
Suppose l + v = -0 - 11, 4*l - 5*v = -8. Let g(d) = d**2 + 6*d - 5. Let i be g(l). Suppose i*k = k + 32. List the prime factors of k.
2
Suppose -3*l = -5*p - 3091, -l = p - 0*l + 623. What are the prime factors of (-2)/(-5)*p/(-8)?
31
Let u(t) = -t + 4. Let c be u(0). Suppose b + p + 24 = -c*p, 4*p + 18 = -2*b. List the prime factors of 7/((b/(-3))/(-1)).
3, 7
Let c = 49 + 39. Let n = c + 70. What are the prime factors of n?
2, 79
Let t = -92 - -139. Suppose -50*a + 12 = -t*a. List the prime factors of a.
2
Let h = 27 + -23. Let z be (1 - (-3)/(-3)) + 1. Let o = z + h. List the prime factors of o.
5
Let l be ((-2)/6)/((-4)/444). What are the prime factors of 0 - (3 + -3 - l)?
37
Suppose 0 = g - 6*g + 10. Let l be (-651)/(-12) + g/(-8). Suppose 3*o = -3*j + l, 0*j - 2*j + 21 = -o. What are the prime factors of j?
13
Let s = 2156 - 542. What are the prime factors of s?
2, 3, 269
Let z(i) = -6*i + 8 - 2 - 6*i**2 - i**3 + 0. Let p = 35 - 41. List the prime factors of z(p).
2, 3, 7
Let q(a) = -6*a - 5. Let k be (4/5)/(2/5). Let i = k + -11. What are the prime factors of q(i)?
7
Suppose 9*k - 101*k = -424396. List the prime factors of k.
7, 659
Let a = 69 - 9. Suppose a + 8 = x. What are the prime factors of x?
2, 17
Suppose 908*v - 913*v = -3775. What are the prime factors of v?
5, 151
List the prime factors of 1/((-3 - 2)/(-215)).
43
Suppose 18 = -0*d + 3*d. List the prime factors of 15*1*(11 - d).
3, 5
Let o = -6 - -10. Suppose 0*n - n - 65 = 3*x, n + 30 = o*x. What are the prime factors of 4/((-8)/n) + 0?
5
Let m = -60 + 37. Let d be (1/2)/(4/504). Let y = d + m. List the prime factors of y.
2, 5
Let t = 27 - 25. Suppose -4*c = -t*m - 104, 2*m + 56 = 2*c + 3*m. What are the prime factors of c?
3
Let a(j) = 5*j**2 + 3*j - 3. Let w be a(-3). Suppose 5*r - 312 = w. Suppose 0*z - 5*b - 41 = -z, -4*z + b + r = 0. What are the prime factors of z?
2
Let m = 19 + -7. List the prime factors of 285/m - 1/(-4).
2, 3
Let q = -6 - -8. Let u(b) = 6 - b**q + 4*b**2 + 5*b - b**2 - b**2. List the prime factors of u(-5).
2, 3
Let c(i) be the third derivative of -49*i**6/40 - i**4/24 - 18*i**2. What are the prime factors of c(-1)?
2, 37
Suppose -4*r - k + 5525 = 0, 2*k = -3*r - 2*k + 4147. List the prime factors of r.
1381
Let m(f) = -2*f**3 + 55*f**2 + 61*f + 27. List the prime factors of m(28).
3, 317
Let x(s) = 20*s + 2. Let w(d) = 81*d + 8. Let m(r) = 2*w(r) - 9*x(r). List the prime factors of m(-1).
2
Let p be (-4)/((-8)/218) + 1. Let h = p - 7. Let c = h + -68. List the prime factors of c.
5, 7
Let u(m) = m**3 - 7*m**2 - 8*m + 24. Let a be u(6). Let p = 165 + a. What are the prime factors of p?
3, 5, 7
Let t(r) = -75*r + 81. List the prime factors of t(-5).
2, 3, 19
Suppose -2*h - 3*h - 2*x + 43 = 0, 4*h - 33 = -3*x. Let u = 14 + h. Suppose 69 + u = 4*o. List the prime factors of o.
23
Let p(m) = -43*m + 192. Let d be p(16). Suppose 0 = 5*f - 3*n - 4, 4*f = -0*f + 4*n + 8. List the prime factors of (d/(-8))/(f - -3).
31
Suppose -5*k + 4*t = -343, -5*k + 3*t = 2*t - 352. What are the prime factors of k?
71
Let y = -33 - -37. List the prime factors of (-136 + y/(-2))/(-2).
3, 23
Let s = -164 + 1112. What are the prime factors of s?
2, 3, 79
Let l(n) = -212 - 2*n**3 + 5*n - n**3 - 6*n**2 + 237 + 4*n**3. What are the prime factors of l(7)?
109
Let a be (-246)/(-22) - 12/66. Suppose 0 = 3*s - a + 2. Suppose s*b - 42 = b. List the prime factors of b.
3, 7
Let q(j) = 762*j**2 - 3*j. List the prime factors of q(1).
3, 11, 23
Let o = 3264 + -1312. List the prime factors of o.
2, 61
Let t = 9448 - 5243. What are the prime factors of t?
5, 29
What are the prime factors of (-2672)/(-6)*5/(-10)*-6?
2, 167
Suppose 8*q - q -